4 - 6)) + (-44 - -44)
-7
Evaluate 5 - 1 - (-108 - -104) - -6.
14
What is the value of -110 + 105 + (2 - 4 - (5 + -2))?
-10
Evaluate (-4 - 10) + (-7 + 6 - 9).
-24
Calculate 29 + -47 - (-66 + 35).
13
Calculate -21 - (-11 + -26 - -16).
0
Evaluate -43 + 13 + 15 + (0 - 11).
-26
What is the value of (-14 - -19) + 13 - (-10 - -17)?
11
Evaluate 3 - (15 + -17 + 0).
5
What is the value of (-6 - 0) + 17 + 0 - (-1 + 4)?
8
Calculate 10 + -17 + 2 + -2.
-7
-32 + 10 - (-17 + 8)
-13
Evaluate 17 - (4 + (7 - (-5 + -1))).
0
-2 - (2 - 21 - ((6 - -1) + -7))
17
What is (-6 - 6 - -3) + -6 + 44?
29
What is the value of (145 + -146 - (-1 - 1)) + 7?
8
-3 + -27 + (5 - 3) + (-6 - -8)
-26
-3 + 18 + 32 + (-115 - -29)
-39
What is the value of 10 + (8 - 19) - -11?
10
Calculate 14 + (24 - 35 - -12).
15
What is the value of 8 + (-14 + 8 - -4) + 0?
6
Calculate 17 - (10 + 9) - (-3 - -7).
-6
0 - 0 - (18 - 0 - (-104 + 115))
-7
What is -4 - -7 - (-1 + 0 + (14 - 16))?
6
Evaluate 2 - 19 - (10 - 37).
10
What is the value of 16 + -11 + (-3 + 7 - 15) + 11?
5
(-6 - -9) + 10 + -5 - (-2 - 11)
21
What is -20 - (2 - (2 - 13 - -21))?
-12
What is -3 + (6 + 2 - 1 - 7)?
-3
What is -153 + 142 - (-50 + (1 - -4))?
34
What is (-7 - -2) + -149 + 157?
3
-13 + (-7 + 5 - -19) - 7
-3
Evaluate (12 + -3 - -3) + 0 + -1.
11
What is -11 - (12 - (-3 + 35))?
9
What is -14 + (11 - 28 - -18)?
-13
Calculate 1 + 28 + (-159 - -168).
38
What is (13 - (9 - -8)) + 3?
-1
What is (5 + -12 - -3 - 0) + -5?
-9
Calculate 11 + (-4 - -2) + -26 + 25.
8
What is the value of -11 + (-18 - -4 - -11) + 16?
2
What is 22 - 10 - 12 - (-12 + 0 + -1)?
13
What is 7 + (5 - ((67 - 75) + 0 + 8))?
12
Calculate 11 + (13 + -7 - 8) + 5.
14
What is the value of (-9 - 3 - -25) + (0 - -2)?
15
What is the value of -6 + (-8 - -15) + -8 - (0 + 17)?
-24
What is the value of -4 + 6 + -22 + (-12 - -21)?
-11
What is -27 + (11 - -26) + -26?
-16
Evaluate (-8 - -1) + (-11 - -3 - -6).
-9
What is 5 + -8 + -4 + 2 - (-1 + 7)?
-11
What is -25 - (7 + (11 - 74))?
31
Calculate 7 + (4 - 0 - 12) + 7.
6
13 + -9 - (-9 + 3 + 0 + 0)
10
-8 - ((1 - -28) + -15)
-22
What is the value of -14 - (2 + (4 - 7 - 4 - -1))?
-10
80 + -93 - (-1 + 3)
-15
Calculate -15 + 5 - (-2 - -7).
-15
What is (-42 - (-4 - -2)) + (-260 - -265)?
-35
What is the value of 3 + -4 + -387 + 392?
4
What is 0 - -6 - (0 + -12 - (-50 - -39))?
7
-7 + 0 + 0 + (-372 - -377) - -1
-1
What is the value of -18 - (-2 + 12 + (51 + -37 - 23))?
-19
What is the value of (-3 - -13) + (21 - (14 + 1)) + 16?
32
What is the value of 18 + 1 + 0 + -3 + 785 + -779?
22
What is 14 + -30 + 28 + -2?
10
What is -1 - (-12 + 25) - 0 - 1?
-15
3 + (5 + 1 - (-2 - -1 - -21))
-11
Calculate -7 - 1 - (13 + 7 - 25).
-3
What is (-9 - (-12 - -19)) + 30?
14
Evaluate (22 - 2 - 35) + 10.
-5
Evaluate 16 - (3 + (-5 - (5 - -5))).
28
What is the value of 9 - 23 - (-16 + 5 + 12)?
-15
Evaluate (-29 - -24 - -42) + (-3 - -2 - 1).
35
Calculate -12 + 0 + 10 + (-5 - (-26 + 6)).
13
What is the value of (-6 - -8) + -8 + 5 + 23?
22
Evaluate (29 - 44 - 5) + 8.
-12
What is the value of 6 + (-5 - ((-51 - -54) + (-1 - 1)))?
0
What is the value of (3 - (-6 + 6) - -5) + -10?
-2
Evaluate (-27 - -1) + 20 - (1 - 2 - -2).
-7
Calculate (41 - -16 - 33) + -13.
11
What is the value of 13 + (13 - 8 - 23)?
-5
Evaluate (-15 + 31 - -15) + -17.
14
What is -13 + 20 - (4 + -3 + 0)?
6
Calculate (3 - 2) + 28 + (-8 - 4).
17
Evaluate 31 + 2 + -24 - (3 - 0).
6
Evaluate -15 - (-8 + 3 + -3 + (-1 - -6)).
-12
9 - (2 + 8 + -6) - 10
-5
Evaluate 26 + (7 - 16) + -5.
12
What is 3 + -5 - (4 + -1 - (4 - 0))?
-1
What is the value of -4 - -3 - 4 - (-172 - -184)?
-17
Evaluate (-8 - -64) + -23 + 2 + -13.
22
(-47 - 2) + 6 - 0 - (96 - 101)
-38
What is 11 + (10 + (10 - 15) - 12) + 12?
16
What is -3 + (-7 - -3) + 47 + -72 + 4?
-28
(-13 - -5) + (-9 - (-19 + 0))
2
What is the value of 4 + 4 - (9 + -2 - 4)?
5
What is the value of 5 + -2 + (-61 - -28 - -17)?
-13
What is 3 + 1 - (-3 + -5 + 9 + 0)?
3
8 - (-29 + 5) - (-4 - -11)
25
Evaluate 12 + (46 - 27 - 47).
-16
Evaluate (4 - 8) + 0 + 2 + 3 + -9.
-8
Evaluate -8 + 0 - (753 - 728).
-33
Calculate (17 - 21) + 7 + 1 - 16.
-12
Calculate -28 + 15 + (-2 - 2) + -7.
-24
What is 4 + -16 + (66 - 67)?
-13
What is -3 - (-2 + 6 + (8 - (12 + 3)))?
0
6 + 1 + (28 - 67 - -51)
19
(5 - 1 - 14) + (-16 - -11)
-15
8 + 1 - (9 + -5 - 2)
7
Evaluate (1 + -1 - (12 - 8)) + -1.
-5
What is -5 + (-6 - (6 - (6 + 7))) - -4?
0
Evaluate -23 - -11 - (-3 - 1) - -2 - 4.
-10
Calculate 0 + -2 + (5 + 9 - 9) - 7.
-4
32 + (-25 + 51 - 28 - (0 + 5))
25
Evaluate -3 + 3 + -2 - (-3 + (-12 - -2)).
11
Evaluate 13 + -9 + 3 + (-9 - 8).
-10
What is the value of -1 + 0 + -2 + 5 + 0 + -4?
-2
Calculate -1250 - -1236 - (-23 - 1).
10
Evaluate -35 - (-12 - 3) - -10 - -33.
23
-1 + (-3 + 9 + -20 - -5 - -16)
6
What is 449 + -428 + 1 + -19?
3
Evaluate 53 + (22 - (-19 - -67)).
27
((7 - -9) + -9 - 10) + 1 + -4
-6
What is the value of 3 + 2 + 0 - (-26 + (24 - 11))?
18
3 + -5 - -4 - (0 + 7 - -2)
-7
What is the value of (10 - -1 - (-12 - -18) - -6) + 0?
11
Calculate -18 - (7 - (-12 - -10) - 0 - 20).
-7
673 + -636 - (52 + -2)
-13
Evaluate -141 + 129 - (2 + -23).
9
What is the value of (1 - -31) + 44 + 42 + -94?
24
Evaluate -13 + (8 - -3) + 6 + -10.
-6
Evaluate 1 + (-3 - 3 - -1 - -13 - 3).
6
20 + (8 - 40 - -1)
-11
Calculate -10 - (-14 - -10) - 5.
-11
Calculate 1 + -21 - ((-21 - (-13 + -1)) + 8).
-21
476 - 471 - (1 + 17 + -2)
-11
Evaluate 3 + -3 + 2 - -4 - 21.
-15
(-14 - -10) + (0 - 6 - -7) + -8
-11
-5 + 2 + (-16 - -17)
-2
What is the value of (-6 - (-10 + 5 - -8)) + 13 + -2?
2
13 + -9 + 0 + (36 - 14) + -5
21
Calculate 11 - (9 + 13 + -16).
5
Calculate -11 - (0 + -7) - -11.
7
Evaluate -2 - (39 - 16 - 12).
-13
Calculate (69 - 4) + -32 - 53.
-20
Evaluate 32 - (55 - 45) - 17.
5
What is the value of 4 - (0 + -3 + 6 - (-2 + -5))?
-6
What is 2 + -5 - (-14 - -1)?
10
What is (-17 - (-3 + 5 - 8)) + -3?
-14
(-16 - -11) + 4 + 1 + -9
-9
19 + -10 - (-3 - 4 - -25) - 7
-16
Evaluate -13 - (1 - 0) - (484 + -482).
-16
-8 + (-11 - -26) - (6 - (8 - 3))
6
Calculate -18 + 6 + (6 - 6 - 0).
-12
What is the value of (1 - 3) + -6 - -12 - 26?
-22
Calculate 3 + -24 + 3 + (13 - (8 + -1)).
-12
What is (70 - 90) + 3 + 0?
-17
Calculate (30 - 19) + (3 - 2 - 7).
5
What is (-5 - (-2 + 1)) + (-15 - -7) + 11?
-1
Evaluate 20 + (-2 + 11 - (-13 + 31)).
11
(-1930 - -1985) + -1 + -34
20
What is the value of 2 - 5 - (-15 + 14 + 10)?
-12
(-11 - (-6 - (3 - 3))) + -1
-6
What is the value of -2 + -11 + (1 - 11) - -8?
-15
What is the value of (-11 - 0) + 2 - (-11 - (6 - 30))?
-22
Calculate -32 - -38 - (2 + (-2 - (-19 + 3))).
-10
Calculate (59 - 17) + (-90 - -17).
-31
-3 + (-9 - 9) + -2
-23
What is the value of 25 - 17 - -11 - 7?
12
Evaluate -35 - (28 - (115 + -34)).
18
What is 5 - (6 - (-4 - (8 - 4 - 2)))?
-7
(5 - 12) + (3 - 16)
-20
2 + -13 - (6 + 1 - (-44 - -49))
-13
-11 + 64 - (-18 - -48)
23
What is the value of 1 - 10 - (-27 - -19 - (0 - 16))?
-17
Evaluate -2 + 4 - (-18 + (3 - -1) + 3).
13
What is the value of 726 + -728 - (0 + 1 + (-4 - -2))?
-1
Evaluate -4 - (16 - (4 + 12)).
-4
What is -1 + -3 + 11 + 9 + -2 + -5?
9
Calculate (-1 - 1) + (-43 + -27 - -89).
17
What is the value of 24 + -17 - (3 - (10 + -1))?
13
3 + -6 + 6 + 5 + 0 - 21
-13
Evaluate (6 - 0 - (1 - (-6 - -2))) + -11.
-10
What is (30 - 16 - -7) + -11?
10
7 - (-37 + 8 - (-19 + 13))
30
Calculate 1 + 7 - (296 + -301).
13
What is the value of (4 - ((21 - 21) + -6 + 1)) + -2?
7
Calculate (-16 + -4 - (1 + -2)) + 2 + 4.
-13
Calculate (-13 - (24 - -7)) + 68.
24
3 - (-17 - -32 - (13 - -8))
9
What is the value of (10 - 3) + -24 + 16?
-1
What is the value of (20 - (-3 - -4) - (-18 - -10)) + -6?
21
What is 8 - (-3 + -9 + 27)?
-7
Calculate -5 + -17 + 13 + (-11 - 7).
-27
Calculate 2 - -6 - (-8 + -4 - -6 - -6).
8
Calculate 1 + -2 - (1 - (-8 - (4 - 17))).
3
What is 18 + (-4 + (4 - 0) - (48 - 54))?
24
Calculate -231 - -245 - (1 + 1).
12
What is -8 + (13 - -2 - (91 + -84))?
0
Calculate (-11 - 0) + (141 + -126 - (2 + 13)).
-11
Calculate -10 + (23 - (12 + 2)).
-1
What is 7 - (4 + -2 + -7 + 1 + -8)?
19
Calculate -2 - ((78 - 89) + (1 - -25)).
-17
What is 2 + (-12 + 13 - (-9 + 5 + 3))?
4
Calculate 7 + -15 + 8 - -6.
6
What is (-240 - -272) + 4 + -2?
34
What is 5 + -15 + (12 - 13)?
-11
What is -46 + (35 - (7 - -9))?
-27
Calculate -23 - -3